{"id":79,"date":"2011-02-19T19:33:16","date_gmt":"2011-02-19T18:33:16","guid":{"rendered":"http:\/\/filosofen.nu\/?page_id=79"},"modified":"2023-06-29T15:43:58","modified_gmt":"2023-06-29T14:43:58","slug":"matsedel-forskola","status":"publish","type":"page","link":"https:\/\/filosofen.nu\/?page_id=79","title":{"rendered":"Mat"},"content":{"rendered":"<p><strong>Vi har en egen kock som tillagar all mat, fr\u00e5n riktiga r\u00e5varor, direkt p\u00e5 f\u00f6rskolan\/skolan.<\/strong><\/p>\n<p>Vi vill servera fr\u00e4sch, nylagad mat med genuina smaker.<\/p>\n<p>Eftersom att vi vill att alla ska m\u00e5 bra serverar vi mat utan k\u00e4nda allergener och med s\u00e5 lite socker och tillsatser som m\u00f6jligt. Till exempel k\u00f6per vi naturell yoghurt som vi smaks\u00e4tter med f\u00e4rska frukter och b\u00e4r.<strong><br \/>\n<\/strong><\/p>\n<p><strong>Specialkost<\/strong><\/p>\n<p>Olika f\u00f6do\u00e4mnesallergier kr\u00e4ver sin kost och det har vi m\u00e5ng\u00e5rig vana av.<\/p>\n<p><em id=\"__mceDel\">Vi erbjuder, ut\u00f6ver dagens lunch:<\/em><\/p>\n<ul>\n<li>Vegetarisk kost<\/li>\n<li>Halal-kost<\/li>\n<li>Laktosfri, mj\u00f6lkfri och\/eller glutenfri kost<\/li>\n<\/ul>\n<p>Vi utarbetar g\u00e4rna en matsedel om era barn har andra allergier.<\/p>\n<p>Vi \u00e4ter frukost kl 07.00, frukt ca kl 09.00, lunch kl 11.00, mellanm\u00e5l kl 14.00 och en frukt eller macka vid 17.00.<\/p>\n","protected":false},"excerpt":{"rendered":"<p>Vi har en egen kock som tillagar all mat, fr\u00e5n riktiga r\u00e5varor, direkt p\u00e5 f\u00f6rskolan\/skolan. Vi vill servera fr\u00e4sch, nylagad mat med genuina smaker. Eftersom att vi vill att alla ska m\u00e5 bra serverar vi mat utan k\u00e4nda allergener och &hellip; <a href=\"https:\/\/filosofen.nu\/?page_id=79\">Continue reading <span class=\"meta-nav\">&rarr;<\/span><\/a><\/p>\n","protected":false},"author":5,"featured_media":0,"parent":50,"menu_order":1,"comment_status":"closed","ping_status":"closed","template":"showcase.php","meta":[],"_links":{"self":[{"href":"https:\/\/filosofen.nu\/index.php?rest_route=\/wp\/v2\/pages\/79"}],"collection":[{"href":"https:\/\/filosofen.nu\/index.php?rest_route=\/wp\/v2\/pages"}],"about":[{"href":"https:\/\/filosofen.nu\/index.php?rest_route=\/wp\/v2\/types\/page"}],"author":[{"embeddable":true,"href":"https:\/\/filosofen.nu\/index.php?rest_route=\/wp\/v2\/users\/5"}],"replies":[{"embeddable":true,"href":"https:\/\/filosofen.nu\/index.php?rest_route=%2Fwp%2Fv2%2Fcomments&post=79"}],"version-history":[{"count":32,"href":"https:\/\/filosofen.nu\/index.php?rest_route=\/wp\/v2\/pages\/79\/revisions"}],"predecessor-version":[{"id":422,"href":"https:\/\/filosofen.nu\/index.php?rest_route=\/wp\/v2\/pages\/79\/revisions\/422"}],"up":[{"embeddable":true,"href":"https:\/\/filosofen.nu\/index.php?rest_route=\/wp\/v2\/pages\/50"}],"wp:attachment":[{"href":"https:\/\/filosofen.nu\/index.php?rest_route=%2Fwp%2Fv2%2Fmedia&parent=79"}],"curies":[{"name":"wp","href":"https:\/\/api.w.org\/{rel}","templated":true}]}}