{"id":114,"date":"2012-04-20T14:23:38","date_gmt":"2012-04-20T13:23:38","guid":{"rendered":"http:\/\/filosofen.nu\/?page_id=114"},"modified":"2023-06-29T15:59:22","modified_gmt":"2023-06-29T14:59:22","slug":"hem","status":"publish","type":"page","link":"https:\/\/filosofen.nu\/","title":{"rendered":"Startsida"},"content":{"rendered":"<p>V\u00e4lkomna till Montessoriskolan Filosofen!\u00a0Vi \u00e4r en f\u00f6rskola i \u00c5storp.<br \/>\nVi har fyra f\u00f6rskoleavdelningar, alla med fokus p\u00e5 individen.<\/p>\n<p>Att vi \u00e4r en Montessorif\u00f6rskola betyder att vi l\u00e4gger stor vikt vid barnens intressen, praktiskt l\u00e4rande med alla sinnen och att st\u00e4rka barnens sj\u00e4lvst\u00e4ndighet.<\/p>\n<p>Vi har \u00f6ppet mellan 06.00 och 18.00 men anpassar \u00f6ppettiderna efter behov. Vi f\u00f6ljer F\u00f6rskolans l\u00e4roplan, Lpf\u00f618. Vi har samma taxa som kommunen. Vi anv\u00e4nder oss av appen Tyra f\u00f6r att kommunicera med v\u00e5rdnadshavare och visa upp vad vi g\u00f6r om dagarna!<\/p>\n<p>V\u00e4lkommen p\u00e5 ett bes\u00f6k!<\/p>\n<p><img loading=\"lazy\" class=\"alignnone\" title=\"Filosofen\" src=\"http:\/\/media.filosofen.nu\/filosofen.jpg\" alt=\"\" width=\"535\" height=\"295\" \/><\/p>\n<p><a href=\"http:\/\/www.facebook.com\/pages\/Montessoriskolan-Filosofen\/206579039366203\"><img loading=\"lazy\" title=\"facebook2\" src=\"http:\/\/media.filosofen.nu\/2012\/04\/facebook2.jpg\" alt=\"Gilla oss p\u00e5 facebook!\" width=\"200\" height=\"81\" \/><\/a><\/p>\n","protected":false},"excerpt":{"rendered":"<p>V\u00e4lkomna till Montessoriskolan Filosofen!\u00a0Vi \u00e4r en f\u00f6rskola i \u00c5storp. Vi har fyra f\u00f6rskoleavdelningar, alla med fokus p\u00e5 individen. Att vi \u00e4r en Montessorif\u00f6rskola betyder att vi l\u00e4gger stor vikt vid barnens intressen, praktiskt l\u00e4rande med alla sinnen och att st\u00e4rka &hellip; <a href=\"https:\/\/filosofen.nu\/\">Continue reading <span class=\"meta-nav\">&rarr;<\/span><\/a><\/p>\n","protected":false},"author":5,"featured_media":0,"parent":0,"menu_order":0,"comment_status":"closed","ping_status":"closed","template":"showcase.php","meta":[],"_links":{"self":[{"href":"https:\/\/filosofen.nu\/index.php?rest_route=\/wp\/v2\/pages\/114"}],"collection":[{"href":"https:\/\/filosofen.nu\/index.php?rest_route=\/wp\/v2\/pages"}],"about":[{"href":"https:\/\/filosofen.nu\/index.php?rest_route=\/wp\/v2\/types\/page"}],"author":[{"embeddable":true,"href":"https:\/\/filosofen.nu\/index.php?rest_route=\/wp\/v2\/users\/5"}],"replies":[{"embeddable":true,"href":"https:\/\/filosofen.nu\/index.php?rest_route=%2Fwp%2Fv2%2Fcomments&post=114"}],"version-history":[{"count":20,"href":"https:\/\/filosofen.nu\/index.php?rest_route=\/wp\/v2\/pages\/114\/revisions"}],"predecessor-version":[{"id":427,"href":"https:\/\/filosofen.nu\/index.php?rest_route=\/wp\/v2\/pages\/114\/revisions\/427"}],"wp:attachment":[{"href":"https:\/\/filosofen.nu\/index.php?rest_route=%2Fwp%2Fv2%2Fmedia&parent=114"}],"curies":[{"name":"wp","href":"https:\/\/api.w.org\/{rel}","templated":true}]}}